t k be (((-1232)/(-35))/(-4))/(4/(-30)). Let b(n) = 23*n**2 + 2*n + 11. Let x be b(-2). Calculate the greatest common divisor of k and x.
33
Suppose -30 = -26*t + 24*t. Let s be 15 + ((-18)/15)/(6/t). What is the greatest common divisor of s and 66?
6
Let c(s) = s**2 - 21*s + 84. Let r be c(9). Let n = 60 + r. What is the greatest common factor of 144 and n?
36
Suppose -96 = 1098*u - 1104*u. Calculate the greatest common factor of u and 5584.
16
Suppose 0 = -224*i + 223*i + 84. Calculate the greatest common divisor of 8 and i.
4
Let l(m) = -4*m**2 - 21*m - 6. Let a be l(-5). Let f be (531/(-6) - a)*-2. What is the greatest common factor of f and 35?
35
Let z(d) = -2*d**3 - 2*d**2 - 8*d - 27. Let r be z(-3). Let a be 5/(-6 + 796/132). Calculate the greatest common factor of r and a.
33
Let n be ((-11655)/(-39) - 3) + 20/130. What is the greatest common factor of 740 and n?
148
Let k be -6*1/6*-3. Suppose 0 = -k*i - 2*i + 495. Suppose -u = v - 12 - 23, 3*u + v = i. Calculate the highest common divisor of u and 4.
4
Let t(q) = 132*q**2 - 81*q - 6. Let p be t(2). What is the greatest common factor of 1360 and p?
40
Let t = -9032 - -9986. What is the greatest common factor of t and 198?
18
Suppose 106 = 4*y + 2*c, 3*y = c - 3*c + 77. Suppose 2*n - 2*o = 74, 5*n - 4*o - 187 = -0*n. Let z = n + y. What is the highest common divisor of 17 and z?
17
Suppose 5*q + 2206 = 6*q - a, 3*q = 4*a + 6614. Calculate the greatest common divisor of q and 10.
10
Let q(t) = 4*t - 38. Let f be q(16). Let i = f - 15. Calculate the greatest common factor of i and 77.
11
Suppose 0 = -84395*v + 84400*v - 25. Let u be 2/(1/(-2 + 4)). Suppose -36 = -4*j + u. Calculate the highest common divisor of v and j.
5
Let o = 785 - 785. Let y be (-2)/3 + (-8)/(-3). Suppose y*c - 4*c + 182 = o. What is the greatest common divisor of c and 13?
13
Let r(f) = -87*f - 4320. Let u be r(-50). Calculate the greatest common divisor of 1536 and u.
6
Let d = -9802 - -9822. What is the highest common factor of d and 1115?
5
Suppose 1050 = 3*r + 3*r. Suppose -48*q + 41*q + r = 0. Suppose 0 = o - 3*o + w + 12, -18 = -4*o - w. What is the greatest common factor of q and o?
5
Suppose -5*l = -s - 201 + 372, 5*s + 4*l - 739 = 0. What is the greatest common factor of 4983 and s?
151
Let z(o) = 27*o**2 + 4*o - 26. Let j be z(6). Calculate the highest common divisor of 30 and j.
10
Let p = 20 - 15. Let j be (-2*1)/(((-5)/1)/p). Let z = j - -14. What is the greatest common divisor of 24 and z?
8
Let o = -27 + 29. Suppose -5*g + k = -283 - 438, -2*g - o*k + 286 = 0. Calculate the highest common divisor of 9 and g.
9
Let x be (87 - 76) + (-1)/(-2)*6. Calculate the highest common divisor of 1232 and x.
14
Suppose 6*x - 7*x + 12 = 0. Let k be 4/((3/(-18)*4)/(-3)). Calculate the highest common factor of x and k.
6
Let z be 810/108*(-1)/3*-92. Calculate the highest common divisor of z and 828.
46
Let n be -4*(513/(-6) + 3). Suppose 4*x + 3*y - n = -81, -x + 54 = -2*y. Suppose 29*t - 18*t - 264 = 0. What is the highest common factor of x and t?
12
Let z = 13715 - 13495. Calculate the highest common divisor of 1100 and z.
220
Let d be 5 - 0/(6/3). Let i(l) = -19*l**3 - 13*l + 12*l + 20*l**3 - 10. Let a be i(d). What is the highest common divisor of 10 and a?
10
Let t = -119 + 104. Let q be (t + 1)*(40/(-16) - -2). What is the greatest common factor of 84 and q?
7
Suppose -20 = 4*p + 156. Let g = p - -58. What is the greatest common divisor of 378 and g?
14
Suppose 17*p - 14*p = -10*p + 142155. What is the greatest common factor of 81 and p?
81
Let c(f) = f**2 - 4*f - 5. Let m be c(-4). Let b(n) = -2517*n + 22659. Let z be b(9). Calculate the highest common divisor of m and z.
3
Suppose 0 = -0*a + 4*a - 96. Suppose -5*r + 6*f - 2 = 2*f, 2*f + 4 = 5*r. Suppose -r*j = p, 0 = -6*j + 7*j + 3. Calculate the highest common divisor of p and a.
6
Let c = -518 - -351. Let w = 217 + c. Suppose 0 = 3*u - 2*i - 594, 6*u - u = i + 997. What is the greatest common divisor of u and w?
50
Suppose -4*m + 4451 = -7*r + 8*r, -12 = -4*r. What is the greatest common divisor of 8 and m?
8
Suppose 0 = -5*z - 0 - 5, -2*z - 486 = 4*r. Let n = 175 + r. What is the highest common factor of 24 and n?
6
Let j = 71 - -136. Suppose 5*q = -l - 435, -3*q - 47 = 2*l + j. Let m = q - -96. Calculate the greatest common divisor of m and 28.
4
Let i be 2 + 230/(-120) - (-25582)/24. Calculate the greatest common divisor of 492 and i.
82
Let t be (-346)/(-692)*3/(3/14). What is the greatest common factor of t and 1218?
7
Suppose 3*v = 5*v. Suppose 27*l - 32*l = v. Suppose z - 20 - 1 = l. What is the greatest common factor of z and 7?
7
Suppose 0 = -11*f + 10444 + 323 - 2143. Calculate the highest common factor of f and 224.
112
Let s be (6/8)/((-3)/(-96)). Let d = 2 + -3. Let x(g) = -6*g**3 + 2*g + 2. Let y be x(d). What is the highest common factor of s and y?
6
Let u be (-606)/(-9) - 2/(-3). Let g = -381 - -568. Calculate the greatest common factor of u and g.
17
Let f(s) = -2*s**3 + 9*s**2 - 48*s - 92. Let c be f(-2). What is the highest common factor of c and 1337?
7
Let s(k) = -k**3 - 55*k**2 - 23*k - 122. Let n be s(-55). Suppose -16*q + n = 119. What is the highest common divisor of 48 and q?
16
Let g(f) = 27*f**2 - 2*f**3 + 41*f - 13*f - 2 + 60 + 3*f**3. Let u be g(-26). Let r be (1/1)/(3/54). What is the highest common divisor of r and u?
6
Let q(r) be the second derivative of r**4/6 - 17*r**3/6 + 49*r**2/2 + r - 2. Let l be q(6). Let o = -47 - -256. What is the greatest common divisor of l and o?
19
Suppose -2*z = -2*a + 10 + 12, -3*a + z = -37. Suppose 1150 = a*x + 370. What is the greatest common divisor of x and 120?
60
Let g(s) = s**3 + 26*s**2 - 25*s + 60. Let d be g(-27). Suppose -4*q + 3*q - a + 6 = 0, 0 = -5*q + 5*a + 30. Calculate the greatest common factor of d and q.
6
Let x be 184 - ((1 - 1) + -2). Suppose x = 2*l + 3*n, -181 - 85 = -3*l + 2*n. Let i = -175293 + 175329. What is the highest common factor of l and i?
18
Let y = 385 + -168. Let a = -209 + y. What is the greatest common factor of a and 344?
8
Let k = 15 + -5. Suppose -3*y + 1218 = -3*o, 5*y + 30*o = 33*o + 2038. Calculate the highest common divisor of y and k.
10
Suppose -v - 70 = -4*r, 26*r - 38 = 24*r + v. Suppose -u = 3*u + 576. Let c = u + 224. Calculate the highest common divisor of c and r.
16
Suppose -8*u + 3*u + 75 = 0. Suppose -x = -4*x + u. Let w be ((-1)/(-2))/(x/240). Calculate the highest common divisor of 6 and w.
6
Let c(w) = -w + 13. Let x be c(-4). Suppose 16*m = x*m. Suppose m = -4*h + 105 + 687. Calculate the highest common factor of 22 and h.
22
Let h be (2750/200)/((-10)/(-16)). Suppose 4*f - 3*f + 5 = 0. Let j be (5 + -10)*11/f. What is the greatest common factor of h and j?
11
Let q be -3*2*(-2)/(-4). Let s be (q/12)/((-3)/588). Suppose -30*y + 14 = -28*y. What is the highest common divisor of y and s?
7
Suppose 1121*i + 396 = 1125*i. Let z(l) = -l**3 + 6*l**2 - 7*l + 5. Let o be z(4). What is the highest common factor of o and i?
9
Let q(p) be the first derivative of p**3/3 - 7*p**2/2 + 6*p + 3. Let g be q(6). Suppose g = 3*y - 5*y + 96. Calculate the greatest common factor of 16 and y.
16
Let a(u) = -u + 26. Let w be a(15). Suppose n + w*n - 228 = 0. Calculate the greatest common factor of n and 133.
19
Let z(d) = 3*d + 38. Let l = 156 - 166. Let q be z(l). Let f = 2 + 0. Calculate the greatest common divisor of q and f.
2
Let j(w) = -7920*w - 39456. Let b be j(-5). Let y(s) = s**3 - s**2 - s + 24. Let a be y(0). What is the greatest common divisor of b and a?
24
Let b be -7*(435/1827)/(5/(-18)). What is the greatest common factor of b and 3018?
6
Let r(q) = 46*q - 5. Let l be r(1). Suppose -3*o - 5*b + l = 0, -o - 37 = -4*o - 4*b. Calculate the greatest common factor of o and 77.
7
Let y be -1 - ((-25)/(-35) - 2) - 589944/(-56). What is the highest common factor of y and 215?
215
Let a(x) = -4*x**2 + 52*x + 45. Let q be a(9). What is the highest common divisor of 35 and q?
7
Let a(u) = u**3 + 10*u**2 + 14*u - 1. Let c be a(-8). Calculate the highest common factor of c and 2865.
15
Suppose -6*d = -3*d + 12. Let r be 2/d*(-9 - -1). Let w be 12/1 + (-2)/r*6. Calculate the greatest common factor of 144 and w.
9
Suppose -88752 = 5*p - 13*p - 